{"id":22,"date":"2021-03-04T13:11:13","date_gmt":"2021-03-04T12:11:13","guid":{"rendered":"http:\/\/sirkoaba.hu\/?page_id=22"},"modified":"2021-03-22T22:30:07","modified_gmt":"2021-03-22T21:30:07","slug":"kapcsolat","status":"publish","type":"page","link":"https:\/\/sirkoaba.hu\/index.php\/kapcsolat\/","title":{"rendered":"Kapcsolat"},"content":{"rendered":"\n<p>Telefon: <\/p>\n\n\n\n<p>Kov\u00e1cs Tam\u00e1s: 30\/969-0254<\/p>\n\n\n\n<p>Kov\u00e1csn\u00e9 Viola T\u00fcnde: 30\/482-7092<\/p>\n\n\n\n<p>C\u00edm:<\/p>\n\n\n\n<p>8125. S\u00e1rkereszt\u00far, K\u00fclter\u00fclet 011\/9hrsz.<\/p>\n\n\n\n<p><a href=\"https:\/\/www.google.com\/maps\/@47.0163371,18.546215,465m\/data=!3m1!1e3?hl=hu\">https:\/\/www.google.com\/maps\/@47.0163371,18.546215,465m\/data=!3m1!1e3?hl=hu<\/a><\/p>\n\n\n\n<p>E-mail: sirkoaba@gmail.com<\/p>\n\n\n\n<div class=\"wp-block-columns is-layout-flex wp-container-core-columns-is-layout-1 wp-block-columns-is-layout-flex\">\n<div class=\"wp-block-column is-layout-flow wp-block-column-is-layout-flow\" style=\"flex-basis:100%\">\n<ul class=\"wp-block-social-links is-style-default is-layout-flex wp-block-social-links-is-layout-flex\"><li class=\"wp-social-link wp-social-link-facebook  wp-block-social-link\"><a href=\"https:\/\/www.facebook.com\/abagranit\/\" class=\"wp-block-social-link-anchor\"><svg width=\"24\" height=\"24\" viewBox=\"0 0 24 24\" version=\"1.1\" xmlns=\"http:\/\/www.w3.org\/2000\/svg\" aria-hidden=\"true\" focusable=\"false\"><path d=\"M12 2C6.5 2 2 6.5 2 12c0 5 3.7 9.1 8.4 9.9v-7H7.9V12h2.5V9.8c0-2.5 1.5-3.9 3.8-3.9 1.1 0 2.2.2 2.2.2v2.5h-1.3c-1.2 0-1.6.8-1.6 1.6V12h2.8l-.4 2.9h-2.3v7C18.3 21.1 22 17 22 12c0-5.5-4.5-10-10-10z\"><\/path><\/svg><span class=\"wp-block-social-link-label screen-reader-text\">Facebook<\/span><\/a><\/li><\/ul>\n<\/div>\n<\/div>\n\n\n\n<p><\/p>\n","protected":false},"excerpt":{"rendered":"<p>Telefon: Kov\u00e1cs Tam\u00e1s: 30\/969-0254 Kov\u00e1csn\u00e9 Viola T\u00fcnde: 30\/482-7092 C\u00edm: 8125. S\u00e1rkereszt\u00far, K\u00fclter\u00fclet 011\/9hrsz. https:\/\/www.google.com\/maps\/@47.0163371,18.546215,465m\/data=!3m1!1e3?hl=hu E-mail: sirkoaba@gmail.com<\/p>\n","protected":false},"author":1,"featured_media":0,"parent":0,"menu_order":0,"comment_status":"closed","ping_status":"closed","template":"","meta":{"footnotes":""},"class_list":["post-22","page","type-page","status-publish","hentry"],"jetpack_sharing_enabled":true,"_links":{"self":[{"href":"https:\/\/sirkoaba.hu\/index.php\/wp-json\/wp\/v2\/pages\/22"}],"collection":[{"href":"https:\/\/sirkoaba.hu\/index.php\/wp-json\/wp\/v2\/pages"}],"about":[{"href":"https:\/\/sirkoaba.hu\/index.php\/wp-json\/wp\/v2\/types\/page"}],"author":[{"embeddable":true,"href":"https:\/\/sirkoaba.hu\/index.php\/wp-json\/wp\/v2\/users\/1"}],"replies":[{"embeddable":true,"href":"https:\/\/sirkoaba.hu\/index.php\/wp-json\/wp\/v2\/comments?post=22"}],"version-history":[{"count":8,"href":"https:\/\/sirkoaba.hu\/index.php\/wp-json\/wp\/v2\/pages\/22\/revisions"}],"predecessor-version":[{"id":780,"href":"https:\/\/sirkoaba.hu\/index.php\/wp-json\/wp\/v2\/pages\/22\/revisions\/780"}],"wp:attachment":[{"href":"https:\/\/sirkoaba.hu\/index.php\/wp-json\/wp\/v2\/media?parent=22"}],"curies":[{"name":"wp","href":"https:\/\/api.w.org\/{rel}","templated":true}]}}