{"id":420,"date":"2021-03-11T09:41:20","date_gmt":"2021-03-11T08:41:20","guid":{"rendered":"http:\/\/sirkoaba.hu\/?page_id=420"},"modified":"2021-09-01T21:18:39","modified_gmt":"2021-09-01T20:18:39","slug":"lepcsoburkolatok","status":"publish","type":"page","link":"https:\/\/sirkoaba.hu\/index.php\/lepcsoburkolatok\/","title":{"rendered":"L\u00e9pcs\u0151burkolatok"},"content":{"rendered":"\n<figure class=\"wp-block-gallery columns-2 is-cropped wp-block-gallery-1 is-layout-flex wp-block-gallery-is-layout-flex\"><ul class=\"blocks-gallery-grid\"><li class=\"blocks-gallery-item\"><figure><img loading=\"lazy\" decoding=\"async\" width=\"1024\" height=\"768\" src=\"https:\/\/sirkoaba.hu\/wp-content\/uploads\/2021\/03\/received_211042480127422-1024x768.jpeg\" alt=\"\" data-id=\"435\" data-link=\"https:\/\/sirkoaba.hu\/index.php\/lepcsoburkolatok\/received_211042480127422\/\" class=\"wp-image-435\" srcset=\"https:\/\/sirkoaba.hu\/wp-content\/uploads\/2021\/03\/received_211042480127422-1024x768.jpeg 1024w, https:\/\/sirkoaba.hu\/wp-content\/uploads\/2021\/03\/received_211042480127422-300x225.jpeg 300w, https:\/\/sirkoaba.hu\/wp-content\/uploads\/2021\/03\/received_211042480127422-768x576.jpeg 768w, https:\/\/sirkoaba.hu\/wp-content\/uploads\/2021\/03\/received_211042480127422-1536x1152.jpeg 1536w, https:\/\/sirkoaba.hu\/wp-content\/uploads\/2021\/03\/received_211042480127422.jpeg 1984w\" sizes=\"(max-width: 1024px) 100vw, 1024px\" \/><\/figure><\/li><li class=\"blocks-gallery-item\"><figure><img loading=\"lazy\" decoding=\"async\" width=\"1024\" height=\"768\" src=\"https:\/\/sirkoaba.hu\/wp-content\/uploads\/2021\/03\/received_268739397763040-1024x768.jpeg\" alt=\"\" data-id=\"436\" data-full-url=\"https:\/\/sirkoaba.hu\/wp-content\/uploads\/2021\/03\/received_268739397763040.jpeg\" data-link=\"https:\/\/sirkoaba.hu\/index.php\/lepcsoburkolatok\/received_268739397763040\/\" class=\"wp-image-436\" srcset=\"https:\/\/sirkoaba.hu\/wp-content\/uploads\/2021\/03\/received_268739397763040-1024x768.jpeg 1024w, https:\/\/sirkoaba.hu\/wp-content\/uploads\/2021\/03\/received_268739397763040-300x225.jpeg 300w, https:\/\/sirkoaba.hu\/wp-content\/uploads\/2021\/03\/received_268739397763040-768x576.jpeg 768w, https:\/\/sirkoaba.hu\/wp-content\/uploads\/2021\/03\/received_268739397763040-1536x1152.jpeg 1536w, https:\/\/sirkoaba.hu\/wp-content\/uploads\/2021\/03\/received_268739397763040.jpeg 1984w\" sizes=\"(max-width: 1024px) 100vw, 1024px\" \/><\/figure><\/li><\/ul><figcaption class=\"blocks-gallery-caption\">Schivakashi gr\u00e1nit, Royal Beige m\u00e9szk\u0151 l\u00e9pcs\u0151burkolat<\/figcaption><\/figure>\n\n\n\n\n\n<figure class=\"wp-block-gallery columns-2 is-cropped wp-block-gallery-2 is-layout-flex wp-block-gallery-is-layout-flex\"><ul class=\"blocks-gallery-grid\"><li class=\"blocks-gallery-item\"><figure><img loading=\"lazy\" decoding=\"async\" width=\"1024\" height=\"768\" src=\"https:\/\/sirkoaba.hu\/wp-content\/uploads\/2021\/03\/FB_IMG_1615583065106-1024x768.jpg\" alt=\"\" data-id=\"493\" data-link=\"https:\/\/sirkoaba.hu\/index.php\/lepcsoburkolatok\/fb_img_1615583065106\/\" class=\"wp-image-493\" srcset=\"https:\/\/sirkoaba.hu\/wp-content\/uploads\/2021\/03\/FB_IMG_1615583065106-1024x768.jpg 1024w, https:\/\/sirkoaba.hu\/wp-content\/uploads\/2021\/03\/FB_IMG_1615583065106-300x225.jpg 300w, https:\/\/sirkoaba.hu\/wp-content\/uploads\/2021\/03\/FB_IMG_1615583065106-768x576.jpg 768w, https:\/\/sirkoaba.hu\/wp-content\/uploads\/2021\/03\/FB_IMG_1615583065106.jpg 1080w\" sizes=\"(max-width: 1024px) 100vw, 1024px\" \/><\/figure><\/li><li class=\"blocks-gallery-item\"><figure><img loading=\"lazy\" decoding=\"async\" width=\"1024\" height=\"768\" src=\"https:\/\/sirkoaba.hu\/wp-content\/uploads\/2021\/03\/FB_IMG_1615583058182-1024x768.jpg\" alt=\"\" data-id=\"494\" data-full-url=\"https:\/\/sirkoaba.hu\/wp-content\/uploads\/2021\/03\/FB_IMG_1615583058182.jpg\" data-link=\"https:\/\/sirkoaba.hu\/index.php\/lepcsoburkolatok\/fb_img_1615583058182\/\" class=\"wp-image-494\" srcset=\"https:\/\/sirkoaba.hu\/wp-content\/uploads\/2021\/03\/FB_IMG_1615583058182-1024x768.jpg 1024w, https:\/\/sirkoaba.hu\/wp-content\/uploads\/2021\/03\/FB_IMG_1615583058182-300x225.jpg 300w, https:\/\/sirkoaba.hu\/wp-content\/uploads\/2021\/03\/FB_IMG_1615583058182-768x576.jpg 768w, https:\/\/sirkoaba.hu\/wp-content\/uploads\/2021\/03\/FB_IMG_1615583058182.jpg 1080w\" sizes=\"(max-width: 1024px) 100vw, 1024px\" \/><\/figure><\/li><\/ul><figcaption class=\"blocks-gallery-caption\">Multicolor gr\u00e1nit l\u00e9pcs\u0151burkolat <\/figcaption><\/figure>\n\n\n\n<figure class=\"wp-block-gallery columns-3 is-cropped wp-block-gallery-3 is-layout-flex wp-block-gallery-is-layout-flex\"><ul class=\"blocks-gallery-grid\"><li class=\"blocks-gallery-item\"><figure><img loading=\"lazy\" decoding=\"async\" width=\"541\" height=\"960\" src=\"https:\/\/sirkoaba.hu\/wp-content\/uploads\/2021\/09\/240593533_375838050844987_1667340082332015280_n.jpg\" alt=\"\" data-id=\"845\" data-link=\"https:\/\/sirkoaba.hu\/index.php\/lepcsoburkolatok\/240593533_375838050844987_1667340082332015280_n\/\" class=\"wp-image-845\"\/><\/figure><\/li><li class=\"blocks-gallery-item\"><figure><img loading=\"lazy\" decoding=\"async\" width=\"541\" height=\"960\" src=\"https:\/\/sirkoaba.hu\/wp-content\/uploads\/2021\/09\/240679942_375838147511644_5923929915131272520_n.jpg\" alt=\"\" data-id=\"846\" data-link=\"https:\/\/sirkoaba.hu\/index.php\/lepcsoburkolatok\/240679942_375838147511644_5923929915131272520_n\/\" class=\"wp-image-846\"\/><\/figure><\/li><li class=\"blocks-gallery-item\"><figure><img loading=\"lazy\" decoding=\"async\" width=\"960\" height=\"541\" src=\"https:\/\/sirkoaba.hu\/wp-content\/uploads\/2021\/09\/240586546_375838104178315_4775515619387444311_n.jpg\" alt=\"\" data-id=\"847\" data-link=\"https:\/\/sirkoaba.hu\/index.php\/lepcsoburkolatok\/240586546_375838104178315_4775515619387444311_n\/\" class=\"wp-image-847\" srcset=\"https:\/\/sirkoaba.hu\/wp-content\/uploads\/2021\/09\/240586546_375838104178315_4775515619387444311_n.jpg 960w, https:\/\/sirkoaba.hu\/wp-content\/uploads\/2021\/09\/240586546_375838104178315_4775515619387444311_n-768x433.jpg 768w\" sizes=\"(max-width: 960px) 100vw, 960px\" \/><\/figure><\/li><li class=\"blocks-gallery-item\"><figure><img loading=\"lazy\" decoding=\"async\" width=\"541\" height=\"960\" src=\"https:\/\/sirkoaba.hu\/wp-content\/uploads\/2021\/09\/241005722_375838010844991_6528902510095224587_n.jpg\" alt=\"\" data-id=\"848\" data-link=\"https:\/\/sirkoaba.hu\/index.php\/lepcsoburkolatok\/241005722_375838010844991_6528902510095224587_n\/\" class=\"wp-image-848\"\/><\/figure><\/li><li class=\"blocks-gallery-item\"><figure><img loading=\"lazy\" decoding=\"async\" width=\"541\" height=\"960\" src=\"https:\/\/sirkoaba.hu\/wp-content\/uploads\/2021\/09\/241077715_375837974178328_7517124333703472726_n.jpg\" alt=\"\" data-id=\"849\" data-full-url=\"https:\/\/sirkoaba.hu\/wp-content\/uploads\/2021\/09\/241077715_375837974178328_7517124333703472726_n.jpg\" data-link=\"https:\/\/sirkoaba.hu\/index.php\/lepcsoburkolatok\/241077715_375837974178328_7517124333703472726_n\/\" class=\"wp-image-849\"\/><\/figure><\/li><\/ul><figcaption class=\"blocks-gallery-caption\">Rosa Beta-Impala gr\u00e1nit l\u00e9pcs\u0151burkolat<\/figcaption><\/figure>\n","protected":false},"excerpt":{"rendered":"","protected":false},"author":2,"featured_media":0,"parent":0,"menu_order":0,"comment_status":"closed","ping_status":"closed","template":"","meta":{"footnotes":""},"class_list":["post-420","page","type-page","status-publish","hentry"],"jetpack_sharing_enabled":true,"_links":{"self":[{"href":"https:\/\/sirkoaba.hu\/index.php\/wp-json\/wp\/v2\/pages\/420"}],"collection":[{"href":"https:\/\/sirkoaba.hu\/index.php\/wp-json\/wp\/v2\/pages"}],"about":[{"href":"https:\/\/sirkoaba.hu\/index.php\/wp-json\/wp\/v2\/types\/page"}],"author":[{"embeddable":true,"href":"https:\/\/sirkoaba.hu\/index.php\/wp-json\/wp\/v2\/users\/2"}],"replies":[{"embeddable":true,"href":"https:\/\/sirkoaba.hu\/index.php\/wp-json\/wp\/v2\/comments?post=420"}],"version-history":[{"count":5,"href":"https:\/\/sirkoaba.hu\/index.php\/wp-json\/wp\/v2\/pages\/420\/revisions"}],"predecessor-version":[{"id":851,"href":"https:\/\/sirkoaba.hu\/index.php\/wp-json\/wp\/v2\/pages\/420\/revisions\/851"}],"wp:attachment":[{"href":"https:\/\/sirkoaba.hu\/index.php\/wp-json\/wp\/v2\/media?parent=420"}],"curies":[{"name":"wp","href":"https:\/\/api.w.org\/{rel}","templated":true}]}}