{"id":769,"date":"2021-05-28T18:24:53","date_gmt":"2021-05-28T17:24:53","guid":{"rendered":"https:\/\/sirkoaba.hu\/?page_id=769"},"modified":"2022-11-14T17:35:34","modified_gmt":"2022-11-14T16:35:34","slug":"sirversek","status":"publish","type":"page","link":"https:\/\/sirkoaba.hu\/index.php\/sirversek\/","title":{"rendered":"S\u00edrversek"},"content":{"rendered":"\n<p>Nyugodj B\u00e9k\u00e9ben<\/p>\n\n\n\n<p>Nyugodjatok B\u00e9k\u00e9ben<\/p>\n\n\n\n<p>Szemed f\u00e9ny\u00e9nek ragyog\u00e1sa sz\u00edv\u00fcnkben \u00f6r\u00f6kk\u00e9 \u00e9l.<\/p>\n\n\n\n<p>\u201eAz \u0150 sz\u00edve pihen, a mi\u00e9nk v\u00e9rzik,<br>A f\u00e1jdalmat csak az \u00e9l\u0151k \u00e9rzik.\u201d<\/p>\n\n\n\n<p>\u00c1lmodtunk egy \u00f6regkort, csod\u00e1sat \u00e9s sz\u00e9pet,<br>de a kegyetlen hal\u00e1l mindent \u00f6sszet\u00e9pett.<br>Csoda volt, hogy \u00e9lt\u00e9l, \u00e9s benn\u00fcnket szerett\u00e9l,<br>nek\u00fcnk nem is halt\u00e1l meg, csak \u00e1lmodni ment\u00e9l.<br>Egy rem\u00e9ny\u00fcnk van, mi \u00e9ltet \u00e9s vezet,<br>hogy egyszer majd tal\u00e1lkozunk veled.<\/p>\n\n\n\n<p>Ha r\u00e1m gondoltok, k\u00f6ztetek leszek,<br>de f\u00e1j, ha l\u00e1tom k\u00f6nnyetek.<br>Ha r\u00e1m gondoltok, mosolyogjatok,<br>Eml\u00e9kem \u00edgy \u00e1ld\u00e1s rajtatok.<\/p>\n\n\n\n<p>Elcsitult a sz\u00edv, mely \u00e9rt\u00fcnk dobogott,<br>Pihen a k\u00e9z, mely \u00e9rt\u00fcnk dolgozott.<br>Sz\u00e1munkra te sosem leszel halott,<br>\u00d6r\u00f6kk\u00e9 \u00e9lni fogsz, mint a csillagok.<\/p>\n\n\n\n<p>Nem m\u00falnak \u0151k el, kik sz\u00edv\u00fcnkben \u00e9lnek,<br>Hi\u00e1ba sz\u00e1llnak \u00e1rnyak, \u00e1lmok, \u00e9vek.<\/p>\n\n\n\n<p>Mikor a lelkem roskadozva vittem,<br>Cs\u00f6ndesen \u00e9s v\u00e1ratlanul<br>\u00c1t\u00f6lelt az Isten.<\/p>\n\n\n\n<p>Dr\u00e1ga eml\u00e9ke(tek) sz\u00edv\u00fcnkben \u00e9l.<\/p>\n\n\n\n<blockquote class=\"wp-block-quote is-layout-flow wp-block-quote-is-layout-flow\"><p>\u201cOly r\u00e9g\u00f3ta v\u00e1rsz re\u00e1m Most itt vagyok neked K\u00e9t karoddal \u00f6lelj \u00e1t Hisz az \u00fat \u00e9rtelmetlen n\u00e9lk\u00fcled Itt vagyok neked K\u00e9z a k\u00e9zben j\u00e1runk Mi m\u00e9g szerelmesen valahol fenn a v\u00e9gtelenben.\u201d<\/p><\/blockquote>\n\n\n\n<p>\u201cHa r\u00e1n\u00e9z\u00fcnk s\u00edrodnak k\u00f6v\u00e9re Szorgalmas munk\u00e1dnak e s\u00edr lett a b\u00e9re.\u201d<\/p>\n\n\n\n<p>Itt nyugszom \u00e9n, olvasod te. Olvasn\u00e1m \u00e9n, nyugodn\u00e1l te!<\/p>\n\n\n\n<p>M\u00edg \u00e9lek \u0151rz\u00f6m eml\u00e9kedet,nyugodj b\u00e9k\u00e9ben, k\u00eds\u00e9rjen szeretet!<\/p>\n\n\n\n<p>\u201cNektek hagyom, ha innen elmegyek E b\u00facs\u00faz\u00f3t, j\u00f6vend\u0151 emberek!\u201d <\/p>\n\n\n\n<p class=\"has-text-align-right\">                Juh\u00e1sz Gyula                                                        <\/p>\n\n\n\n<p><\/p>\n\n\n\n<p><\/p>\n\n\n\n<p><\/p>\n","protected":false},"excerpt":{"rendered":"<p>Nyugodj B\u00e9k\u00e9ben Nyugodjatok B\u00e9k\u00e9ben Szemed f\u00e9ny\u00e9nek ragyog\u00e1sa sz\u00edv\u00fcnkben \u00f6r\u00f6kk\u00e9 \u00e9l. \u201eAz \u0150 sz\u00edve pihen, a mi\u00e9nk v\u00e9rzik,A f\u00e1jdalmat csak az \u00e9l\u0151k \u00e9rzik.\u201d \u00c1lmodtunk egy \u00f6regkort,&hellip;<\/p>\n","protected":false},"author":2,"featured_media":0,"parent":0,"menu_order":0,"comment_status":"closed","ping_status":"closed","template":"","meta":{"footnotes":""},"class_list":["post-769","page","type-page","status-publish","hentry"],"jetpack_sharing_enabled":true,"_links":{"self":[{"href":"https:\/\/sirkoaba.hu\/index.php\/wp-json\/wp\/v2\/pages\/769"}],"collection":[{"href":"https:\/\/sirkoaba.hu\/index.php\/wp-json\/wp\/v2\/pages"}],"about":[{"href":"https:\/\/sirkoaba.hu\/index.php\/wp-json\/wp\/v2\/types\/page"}],"author":[{"embeddable":true,"href":"https:\/\/sirkoaba.hu\/index.php\/wp-json\/wp\/v2\/users\/2"}],"replies":[{"embeddable":true,"href":"https:\/\/sirkoaba.hu\/index.php\/wp-json\/wp\/v2\/comments?post=769"}],"version-history":[{"count":6,"href":"https:\/\/sirkoaba.hu\/index.php\/wp-json\/wp\/v2\/pages\/769\/revisions"}],"predecessor-version":[{"id":965,"href":"https:\/\/sirkoaba.hu\/index.php\/wp-json\/wp\/v2\/pages\/769\/revisions\/965"}],"wp:attachment":[{"href":"https:\/\/sirkoaba.hu\/index.php\/wp-json\/wp\/v2\/media?parent=769"}],"curies":[{"name":"wp","href":"https:\/\/api.w.org\/{rel}","templated":true}]}}